-1880)/(-14) - -2)?
1
Suppose 4497 = 5*z + b, -z = b + 2*b - 891. What is the tens digit of (1737/(-4))/(z/(-96) + 9)?
5
Let t(a) = 35*a**2 + 120*a - 40. What is the thousands digit of t(-19)?
0
Suppose 3*f + 3*d + 0*d - 222 = 0, 3*f - 226 = -2*d. Let x(g) = f - 4*g - 3*g + g + 5*g. What is the units digit of x(0)?
8
Let b = 29 + -27. Suppose -2*t + 652 = b*n + 92, 2*n - 561 = -3*t. What is the tens digit of n?
7
Let h(p) = 3940*p**2 - 31*p + 134. What is the units digit of h(4)?
0
Suppose -6*t + 7*t - 2*f = 15, 0 = 4*t - f - 67. Suppose -5120 = -25*p + t*p. What is the units digit of p?
0
Let v be -6*14/(-49)*(-7)/(-2). Let o = 715 + -383. Suppose -2*h + v*q + o = 7*q, h + 4*q - 180 = 0. What is the hundreds digit of h?
1
Let o be 762/4 - 2/4. Suppose 5*w + 17*w + 1672 = 0. Let d = o + w. What is the tens digit of d?
1
Let c(y) = 335*y**2 + 87*y + 21. What is the tens digit of c(-5)?
6
Let l = -5975 - -9660. Suppose 4*b + 965 - l = 0. What is the tens digit of b?
8
Let l(d) = -2*d**2 + 9*d. Let c be l(4). Let m(j) = 42*j**2 + 45*j + 1. What is the units digit of m(c)?
3
Let a be 1/2 + (315/14)/(-5). Let k(s) = 23*s**2 + 17*s - 6. What is the units digit of k(a)?
4
Let t(n) = -9*n + 62. Let q be t(9). Let l(g) = -89*g - 318. What is the tens digit of l(q)?
7
Suppose 7*x - 35 = 21. Suppose 3*t - 5005 = -x*t. What is the tens digit of t?
5
Suppose 3*y = -f + 1746, 1164 = -4*y + 6*y + 4*f. Suppose -y = 15*b - 21*b. What is the units digit of b?
7
Suppose -2*f + f = -3*d + 359, f + 347 = -d. Let q be 10/(f/(-21)) - (-12)/5. What is the tens digit of 298/14 - ((-76)/28 + q)?
2
Let b(n) = -n**2 + 13*n + 443. What is the units digit of b(21)?
5
Let w = -11625 - -47996. What is the ten thousands digit of w?
3
Let r = -275 - -279. Suppose -2611 = -r*p - 703. What is the hundreds digit of p?
4
Let i = 268 + -264. Suppose -i*h + 1712 = n, -10*n + 14*n - 1297 = -3*h. What is the units digit of h?
7
Let a be (-2762)/4 + (-7)/98*-7. Let x = 12 + a. Let r = -473 - x. What is the hundreds digit of r?
2
Suppose -4*u - 3*s = 113 + 287, 210 = -2*u + s. What is the hundreds digit of (6/(-18))/((-1)/(-9))*u?
3
What is the units digit of (-84359)/(-29) - (-44)/638?
9
Let l(a) = a**3 + 3*a**2 - 4*a - 5. Let d be l(-4). Let r be 2 + (-3)/1 + d. What is the units digit of (1581/(-6) + 4)*4/r?
3
Let p = -9782 + 44170. What is the ten thousands digit of p?
3
Let m(j) = -7*j**2 + 388*j - 97. What is the hundreds digit of m(44)?
4
Suppose 2*l - 14 = a + a, -l + 11 = 3*a. Let x be (-26)/l*46*2. Let d = x - -514. What is the units digit of d?
5
Let i(z) = 4*z - 95. Let a be i(25). Suppose a*y = -5*o + 4760, -2*o - 1904 = -4*o - y. What is the hundreds digit of o?
9
Let a(h) = -9*h - 17. Let s(x) = 18 - 19*x - 54 + 2. Let n(w) = 5*a(w) - 2*s(w). What is the units digit of n(-9)?
6
Suppose 2*z + 3*h + 4513 + 686 = 0, -3*z - 3*h - 7800 = 0. Let o = z + 3645. What is the tens digit of o?
4
Let b(z) = -120*z**3 + z**2 + 14*z + 17. What is the units digit of b(-3)?
4
Let x(y) = -3*y**3 - 91*y**2 + 53*y - 327. What is the ten thousands digit of x(-38)?
3
Let q = 18482 + -8701. What is the hundreds digit of q?
7
Let q(t) = t**3 - 63*t**2 - 157*t + 1906. What is the hundreds digit of q(71)?
0
Suppose 60*s - 65*s + 1170 = 0. Suppose -6*u - s + 3144 = 0. What is the hundreds digit of u?
4
Let m = -10005 - -24812. What is the hundreds digit of m?
8
Suppose 2*b = 58*b - 392. Suppose 223 = 3*v - 9*x + b*x, x + 76 = v. What is the units digit of v?
1
Let w = 1 - 37. Let h = w - -86. What is the tens digit of h?
5
Suppose -n - 2*f = 12, f + 12 = -2*n + 3. Let v(o) = o**2 + o. Let d be v(n). Suppose 2*m - 104 = 3*c, -5*c - 206 = -2*m - d*m. What is the tens digit of m?
4
Let w(f) = -f**2 + 13*f + 40. Let h be w(15). Suppose h*c - 5039 = 601. What is the tens digit of c?
6
Let w(l) = 34*l - 3. Suppose -5*f - 25 = 0, -66 = -4*d - 0*d + 2*f. What is the units digit of w(d)?
3
Let d = 14 - -128. Let n = -105 + d. What is the units digit of n?
7
Suppose -40*x + 5*x = 29995. Let f = 1515 + x. What is the tens digit of f?
5
Let a = 69 + -36. Suppose 47 + a = 2*w. Suppose -w = -j + 57. What is the units digit of j?
7
Suppose a - 3*c = 4*a - 62502, -9*a + 3*c = -187566. What is the units digit of a?
9
Let r be (-63)/(-84) - 194/(-8). Suppose -2*j + 6*j = 80. Let y = r + j. What is the tens digit of y?
4
Let c(w) = -116*w - 14. Let t be c(2). Let u = t + 485. What is the tens digit of u?
3
Suppose 0 = 9*c - 6*c - 9. Suppose -c*l + 177 = 3*j - 7*l, -l - 60 = -j. What is the tens digit of j?
6
Suppose -4*n - 4*s = -7*s - 1161, 2*n - 4*s - 588 = 0. Suppose 126*h + n = 130*h. What is the tens digit of h?
7
Let d(p) = -6*p - 5. Let l(u) = -6*u - 5. Let f(y) = 3*d(y) - 2*l(y). Let h be f(-4). What is the units digit of ((-6)/(-8))/(h/1824)?
2
Let j(o) be the first derivative of o**4/4 - o**2/2 + 165*o - 8. Let a be j(0). Suppose -13*d - a = -16*d. What is the units digit of d?
5
Suppose 2*s = 2*r + r - 10, -14 = 4*s - 3*r. Let w(j) = -8*j**3 - 2*j**2 + 2*j + 1. Let k be w(s). Let o = -45 + k. What is the units digit of o?
8
Suppose 4*j = 733 + 1271. Let i = 11 + -6. Suppose 0 = 8*f - i*f - j. What is the tens digit of f?
6
What is the ten thousands digit of (104/(-156))/((-2)/34971)?
1
Let u(p) = 288*p**2 + 13*p - 76. What is the ten thousands digit of u(6)?
1
What is the units digit of 1/(-9) - 12741176/(-504)?
0
Suppose 123*x - 134*x + 166287 = 0. What is the hundreds digit of x?
1
Let w be ((-861)/9)/((-3)/(-9)). Let h = -136 - w. Let s = h - 62. What is the units digit of s?
9
Let s = -1895 + 3490. What is the hundreds digit of s?
5
Suppose 481*p - 494*p + 178854 = 0. What is the units digit of p?
8
Let v(t) = 39*t + 65. Let y(k) be the first derivative of -k + 25. Let a(s) = v(s) + 52*y(s). What is the hundreds digit of a(4)?
1
Let c(b) = -3*b + 8. Let v be c(2). Suppose -6*i = v*i - 16. Suppose 0*h - u = -h + 162, i*u + 482 = 3*h. What is the hundreds digit of h?
1
Suppose 5*s + 34907 = 2*f, 46*s = 4*f + 43*s - 69849. What is the hundreds digit of f?
4
Let w(m) = m**3 - 42*m**2 + 65*m - 172. What is the tens digit of w(42)?
5
Let p(k) = -37*k - 2. Let c(t) = 36*t + 3. Let m(r) = 6*c(r) + 7*p(r). Let f be (2 - (-31)/(-9)) + 7946/261 + -30. What is the units digit of m(f)?
7
Suppose 14*l - 28 = -0*l. Let h(z) = z - 8. Let f be h(10). Suppose -4*m - 3*p = -251, -f*m + l + 111 = -p. What is the tens digit of m?
5
Let b = -5 + 8. Let r(k) = -4*k + 6*k + 23*k - 4*k + 13 - 2*k. What is the units digit of r(b)?
0
Let c(r) = -r**2 + 8*r + 8. Let l be c(10). Let k be ((-3)/(-2))/(l/(-16)). Suppose -210 = -w - 2*s, -k*w + s + 0*s = -420. What is the tens digit of w?
1
Suppose -38 - 2 = -10*s. Suppose 2*z = -0*z + 6. Suppose z = q - s. What is the units digit of q?
7
Suppose -10059 + 2987 = -32*z. Suppose 0 = -y + 295 + z. What is the hundreds digit of y?
5
Let x(c) = -c**3 - 7*c**2 - 6*c - 7. Let q be x(-6). Let a be -2 + q/(-1)*1. Suppose -5*v + 4*d = -445, a*d = -v + 4*d + 98. What is the units digit of v?
3
Let v = 7467 + -7393. What is the tens digit of v?
7
Let h(j) = -14*j - 23. Let y be h(-11). Let f(x) = -18*x + 6 + y*x**2 - 18 - 6 - 132*x**2. What is the tens digit of f(-10)?
6
Let h be 2/(-4)*((-48)/6 + -2). What is the units digit of (2396/2)/(h + 0 + -3)?
9
Let b be (99/22)/((1/4)/(-1)). Let w be (-9)/((-324)/(-8)) - 4/b. Suppose 0 = k - 0*s + 5*s - 101, 4*k + s - 442 = w. What is the units digit of k?
1
Let p(q) = -120*q - 9 + 61*q + 71*q. What is the units digit of p(9)?
9
Suppose -667 = -8*b + 757. Let y = b - 112. What is the tens digit of y?
6
Let w = -2011 + 1305. Let o = 2121 + w. What is the tens digit of o?
1
Let q(j) = -j**2 - 14*j + 10. Let b be q(-11). Let x = b - -135. What is the units digit of x?
8
Suppose 15*s = 17*s - 5*q - 7037, 0 = q - 3. What is the hundreds digit of s?
5
Let c be (-678)/(-9)*(1 - (-3)/6). Let p = 578 - c. What is the units digit of p?
5
Let o(b) = 20*b - 152. Let k be o(-14). Let w = k + 643. What is the tens digit of w?
1
Suppose 29*t - 15908 - 74183 = 1451549. What is the ten thousands digit of t?
5
Let a(w) = -19568*w + 3910. What is the thousands digit of a(-1)?
3
Let v(l) = -2*l + 1. Let a be v(-1). Let i be (4395/5)/a - -4. What is the tens digit of i